 + 8*f + 15 = 0. Let a be (-2)/(-1*(f + 2)). List the prime factors of ((-4)/(-2))/(a/(-10)).
2, 5
Let b = 60 + -36. Suppose b - 6 = 2*h. What are the prime factors of h?
3
Suppose 3*t = -0*t + 234. List the prime factors of t.
2, 3, 13
Let x = -20 - -8. Let i be x/(-66) - 218/(-11). Suppose y + 0*r - i = -r, 0 = -5*y - 2*r + 97. What are the prime factors of y?
19
Suppose f + f - 4 = 0. Suppose -3*x = f*x - 50. List the prime factors of x.
2, 5
Let p(o) = -3*o + 3. Let f be -2 - (0 - (3 + 1)). Let t be p(f). List the prime factors of (-26)/(-6) - (-1)/t.
2
Suppose 15*n - 369 = 21. List the prime factors of n.
2, 13
Let x(v) = -v + 5. Let t be x(5). Suppose 36 = -t*y + 3*y. List the prime factors of y/9 - 4/(-6).
2
Suppose 5*h = h + 12. List the prime factors of 12/(h + -1 - 1).
2, 3
Suppose 0 = -2*p - 2*i + 354, -4*i - 170 = -3*p + 333. List the prime factors of p.
173
Let x = -11 + -5. List the prime factors of 8/x - (-18)/4.
2
Suppose -3*i - i = -12. Suppose -2*s - i*s - k = -100, -4*k - 40 = -2*s. What are the prime factors of s?
2, 5
Let r = 8 + 7. Suppose 0 = 6*w - 2*w. Suppose -2*o = 5*b - 87, -b + 3*o + r - 1 = w. What are the prime factors of b?
17
List the prime factors of 1/5 + 169/5.
2, 17
Suppose -2*l - 10 = 0, -3*l - 512 = -2*r + l. List the prime factors of r.
2, 3, 41
Let x = 47 - 31. What are the prime factors of x?
2
Let u(t) = -7*t - 11. What are the prime factors of u(-7)?
2, 19
Suppose -3*k + 1 = 10. Let v(z) = -z**2 - 3*z. Let n be v(k). Let f(w) = w**2 + 3. List the prime factors of f(n).
3
Let b = -14 - -39. Suppose b = 2*y - 5. What are the prime factors of y?
3, 5
Suppose 4*j + 7*m - 2*m - 952 = 0, 0 = -4*j + 5*m + 912. List the prime factors of j.
233
Let q(b) = -7*b + 3. List the prime factors of q(-7).
2, 13
Suppose 0 = -o - 0*o + 10. Suppose 2*d - 40 + o = 0. Let v = d + -11. What are the prime factors of v?
2
Let j = 29 - 81. Let o = j - -82. List the prime factors of o.
2, 3, 5
Let v(d) be the first derivative of d**4/4 - 3*d**3 + 6*d**2 - 3*d - 6. What are the prime factors of v(8)?
29
Suppose -2*x + 55 + 141 = 0. List the prime factors of x.
2, 7
Let w = -177 - -305. Suppose i - 66 = -3*a, 0*i + 5*a + w = 3*i. What are the prime factors of i?
3, 17
Let j(k) = 4*k**2. Let q be j(1). Suppose 0*o + q*o = 68. What are the prime factors of o?
17
Let m be 2*-1 + (3 - -4). Suppose k + 72 = -m*o, -2*o - 3*k = -o + 20. List the prime factors of 2/1 + o/(-2).
3
Suppose h = 3*n + 9, -3*h - 5*n = -3*n - 5. Suppose 85 = 4*x - 3*i, h*x + 2*i = -3 + 71. List the prime factors of -2*(x/4)/(-1).
11
Let s(k) = k - 10. Let w be (2 + -2)/(-3 + 2). Let b be s(w). List the prime factors of ((-24)/b)/(2/10).
2, 3
Let j = -61 + 91. Suppose 0 = 2*o - 7*o + j. What are the prime factors of o?
2, 3
Let n(a) = 11*a**2. What are the prime factors of n(-1)?
11
Let u = -4 - -9. Suppose 0 = -u*t - 3 + 478. Suppose q + 5*o - 35 = 0, -o = -5*q - 6*o + t. What are the prime factors of q?
3, 5
Suppose 4*h + r = 4, -7 = 3*r + 5. Suppose -5*c = 3*t - 19, -h*c - t = t - 6. Suppose c*p - 73 = 3*n - 11, -4*n + 4 = 2*p. List the prime factors of p.
2, 5
Let b(i) = 4*i + 15. Let u be b(-13). Let w = 54 + u. List the prime factors of w.
17
Suppose 3*h + 1989 = 12*h. List the prime factors of h.
13, 17
Let u(o) = 4*o + 2. Let y be 8/4*-1*1. Let q be u(y). Let d = 4 - q. What are the prime factors of d?
2, 5
Let u(a) = 2*a - a**2 + 0*a + 5*a + 4. What are the prime factors of u(4)?
2
Let r(x) = 3*x**2 - 2*x + 158. List the prime factors of r(0).
2, 79
Suppose 5*p = 2*v + 26 - 90, -5*p - 2*v - 76 = 0. Suppose -2 = t + t. List the prime factors of (p - -3)/t - 0.
11
Suppose -3*v - 99 = -3*a - a, 5*a - 3*v - 126 = 0. List the prime factors of a.
3
Suppose 9*d + 3 = 12*d. Let z(n) = 31*n + 2. What are the prime factors of z(d)?
3, 11
Let u be (-2)/(-5) + 54/15. Let y(l) = l**2 - 5*l - 7. Let j be y(8). Suppose j = u*a - 19. List the prime factors of a.
3
Let k(o) = o**3 - 17*o**2 + o. List the prime factors of k(17).
17
Let m = -1 + 4. Suppose -4 = m*d - 4*d. List the prime factors of d.
2
Let g(m) = -8*m**3 + 2*m**2 + 2*m + 1. Suppose -2*f + 3*f = 4*x - 5, 4*x = -4*f. Let j be g(f). Let s = 17 - j. List the prime factors of s.
2
Suppose -9 = -2*a - 5. Let s(d) = -d - 5. Let y be s(-4). What are the prime factors of 2/(3/a + y)?
2
Suppose -n - 4*n = -65. Suppose -b - n = -49. What are the prime factors of b?
2, 3
Let j(q) = -q**2 - 15*q - 2. List the prime factors of j(-13).
2, 3
Let f(w) = 4*w + 6. Let m be f(-6). What are the prime factors of 12*-2*3/m?
2
Let o(t) = -7*t + 9. What are the prime factors of o(-4)?
37
Suppose 70 = 2*d + 7*l - 3*l, 2*d + 2*l - 62 = 0. What are the prime factors of d?
3
Suppose 0 = -y - 78 + 309. List the prime factors of y.
3, 7, 11
Let a be ((-4)/10)/((-2)/20). Suppose 4*i = 5*s - 188 + 3, -4*s = 4*i - 112. Suppose 5*b + 13 - 33 = -3*h, -s = -a*b + h. What are the prime factors of b?
7
Suppose 0 = -4*o + 86 + 6. What are the prime factors of o?
23
Suppose 2*r + 1 = -17. Let f be 2/(15/r - -1). What are the prime factors of f/(-3) + 0 - -6?
7
Suppose 340 = -66*q + 70*q. What are the prime factors of q?
5, 17
Suppose 20*k - 204 = 16*k. What are the prime factors of k?
3, 17
Let f(w) = w**2 + 6*w + 1. List the prime factors of f(-7).
2
Let l(u) = 2*u**2 - 2*u + 11. List the prime factors of l(-6).
5, 19
Let j be (1 - 2)*(2 - 2). What are the prime factors of -3*(j + 40/(-6))?
2, 5
Suppose -4*f = -236 - 56. Suppose -47 = -3*y + 4*b, -6*y + f = -y - 4*b. List the prime factors of y.
13
Let l = -3 + 7. Suppose l*k - 5 = -k, 20 = c + 5*k. List the prime factors of c.
3, 5
Let r(k) = -2*k - k**2 - 4*k + 9 + 2*k**2. List the prime factors of r(6).
3
Suppose -53 = 4*s + 35. Let z be 2/(-3) - s/(-3). Let h(r) = r**3 + 9*r**2 + 6*r - 7. List the prime factors of h(z).
3
Let q(g) = g + 7. Let z be q(-8). Let j = z + 18. What are the prime factors of j?
17
Let n be ((-30)/25)/((-1)/30). List the prime factors of (n/(-15))/((-4)/20).
2, 3
Let g(a) = a - 2. Let s be g(2). Suppose s = o, 2*o - 16 + 74 = 2*i. What are the prime factors of i?
29
Let l = -46 - -82. Let s = l + -22. List the prime factors of s.
2, 7
Suppose -2*f - 2 + 10 = -4*p, -5*p = -5*f + 10. Suppose 4*x - 3*c = -f*c + 20, -c = -3*x + 10. Suppose x = 3*b - 7. What are the prime factors of b?
3
Suppose 12 = -5*y + 3*x, x - 9 = 4*y - 2*x. Suppose 0 = 2*j + d - 5, -3*j = 5*d - 25 - 0. List the prime factors of y + (j - 2 - -15).
2, 5
Let q(w) = -w - 5. Let t be q(-5). Suppose -5*y + 86 + 14 = t. What are the prime factors of y?
2, 5
List the prime factors of 2/(-7) + 130/14.
3
Suppose -5*h + 2*i + 512 = i, -3*h + 2*i + 310 = 0. List the prime factors of h.
2, 3, 17
Suppose 0*b + 14 = b. Suppose 3 = -s + b. What are the prime factors of s?
11
Let s be 142/4 + (-3)/6. Suppose -o + 1 = -3*k, 4*k = -2*o - k + s. What are the prime factors of o + 2*-1*-1?
2, 3
Let c(i) = i**3 + 10*i**2 + 7*i + 8. What are the prime factors of c(-9)?
2, 13
Let t = 61 + -56. List the prime factors of t.
5
Suppose 0*g - 3*g = -12. Suppose -2*m = -3*n - n + 250, -n - g*m + 49 = 0. What are the prime factors of n?
61
Let b(s) = s**3 + 11*s**2 + 11*s - 12. Let i be b(-10). Let v = 43 + i. What are the prime factors of v?
3, 7
Let l = 71 + -26. What are the prime factors of l?
3, 5
Suppose -185 = -6*z + 487. List the prime factors of z.
2, 7
Let j(d) = -4*d. Let a be j(-1). Suppose 5*g - g = -2*h + 70, 3*g - a*h = 80. List the prime factors of g.
2, 5
Suppose 0 = -67*r + 66*r + 211. What are the prime factors of r?
211
Suppose -2*n = -126 + 24. List the prime factors of n.
3, 17
Suppose 0 = i - 1 - 9. List the prime factors of i.
2, 5
Let i(n) = 18*n - 3. Let d be i(2). What are the prime factors of ((-2)/(-6))/(1/d)?
11
Suppose 0 = 5*l + 25, -3*l + 105 = 5*v + l. What are the prime factors of v?
5
Suppose -8 = -11*l + 80. List the prime factors of l.
2
Let o(p) = p**2 - 4*p - 5. Let d be o(5). Suppose -4*q + d + 8 = 0. List the prime factors of q.
2
Suppose -3*b + 2*b = -2*j + 2, -2*b - 4*j - 28 = 0. Let i = 13 + b. Suppose -q = -i - 10. List the prime factors of q.
3, 5
Let v(w) = 11*w**2 - w + 2. List the prime factors of v(2).
2, 11
Let m(i) = i**2 - 2*i - 21*i**3 - 22*i**3 + 3*i + 0*i. What are the